is 5 + 7 + 11 + -9?
14
(164 - 152 - (39 + 2)) + 16
-13
Evaluate 6 + -1 + (2 - (5 - 1)).
3
What is the value of (-1 - -12 - 7) + (8 - 2) + -20?
-10
(2 + -6 - 2) + (3 + -15 - -6)
-12
What is the value of (19 - 8) + -17 + -6?
-12
What is the value of 21 + 6 + (1 - 9) + -8 - 1?
10
Calculate 13 + -6 - ((-7 - -9) + -12).
17
Evaluate 8 - (-15 + 18) - 1.
4
(-9 - -5) + (2 - (-4 - -1) - 9)
-8
What is the value of -1 + -24 - (-20 + (9 - -5) - -9)?
-28
Evaluate (6 - (8 + -2 + -12)) + 1 + 3.
16
What is 17 - (15 + (-20 - (5 + -2)))?
25
Evaluate -4 + (-37 - -23) + 26.
8
What is -16 + (-4 + 14 - -3) + -28?
-31
Calculate -3 + 11 - 2 - (-11 + (42 - 42)).
17
Evaluate (-145 + 159 - (-1 - -10)) + (-14 - 0).
-9
(23 + -47 - -22) + 7
5
What is the value of -12 + (6 - (-13 + 9))?
-2
What is the value of 1 + -7 - (1 + -17 - -6)?
4
Calculate 8 - (8 + 10) - 2.
-12
What is 2 - (-5 - (17 + 14 + -16))?
22
Calculate 13 - (14 - (17 + -11)).
5
What is the value of 11 + -33 - (11 + -9) - (-2 - 1)?
-21
What is the value of 13 - (-10 - (0 + 3)) - 5?
21
What is the value of -1 + -9 + -4 + -2 + (116 - 91)?
9
-29 - (0 + -8 + 10 + -14)
-17
Evaluate -18 + 1 - (-6 - -4).
-15
Evaluate (-16 - -9 - -38) + -29 + 14.
16
What is 8 - (-2 + -4 - 10 - -6)?
18
What is 8 + 2 - (0 - -29)?
-19
Calculate 44 - (28 - -1) - (-1 + 5).
11
(-6 - -2) + (-2 + 48 - 15)
27
Calculate 3 - ((11 - -2) + 3 + -10 + 13).
-16
Calculate (13 - 16) + -1 + -5 + 7.
-2
(-6 - (-14 + -2)) + -22 - 20
-32
Calculate -2 - (3 - (4 + 4 + -11)).
-8
Evaluate (9 - -7) + (0 - 4) - 39.
-27
Calculate -23 - (169 - 168 - (7 + -1 - 2)).
-20
Evaluate (-434 - -443) + (-11 - (-2 + 2)).
-2
What is the value of 8 + -11 + 4 - -4 - 29?
-24
22 + 1 - (4 + 12)
7
Evaluate (48 - 12 - 30) + -17.
-11
Evaluate (1 - 0) + 1 - (-17 - -37 - 26).
8
What is (4 + -4 - 25) + (-3 - -17)?
-11
What is -9 - (7 - (27 + -7)) - 6?
-2
Calculate 1 + -4 + (-17 - -23) + 4.
7
Calculate 12 + (32 + -58 - -38).
24
What is -23 + 25 - (21 - 15) - (1 + 5)?
-10
Evaluate (44 - (62 - 63)) + -16 + -2.
27
What is the value of -1 - (31 - (-14 - (12 + -28)))?
-30
Calculate 1 + 4 + (98 - 109) - (-8 + -7).
9
0 - (-9 + (5 - (-4 - 7)))
-7
What is the value of (2 - 2) + 14 + -5?
9
What is the value of (-6 + 5 - 4) + 4 - (-6 - 4)?
9
Calculate 7 + (7 - 29 - 4) + 8.
-11
What is the value of (-46 - -78) + -8 - (-1 - -11)?
14
What is 5 + -12 + -1 + 10?
2
Evaluate 8 + (-11 - -11) + -11 + -8.
-11
Evaluate -30 + 79 + 6 + -13 + -13.
29
Evaluate 14 - (-2 - (1 - 25)) - 11.
-19
Calculate 4 + (2 - 1) - (9 - (4 + 3)).
3
Calculate 7 + -15 + 2 + -10 + 6.
-10
Calculate 0 + -6 + (-5 - (0 + -8 + 0)).
-3
28 - (40 + (-8 - 1))
-3
Evaluate 28 + (-6 - 0) - 19.
3
What is 1 + -18 + 3 + (4 + -10 - -12)?
-8
What is 6 - (18 - 14 - 18)?
20
Calculate (11 - (26 - 19)) + -7 + -2 + 0.
-5
9 + -7 + (11 - 8) + -6
-1
Calculate -6 + (6 + 3 - 7) + -2.
-6
Calculate -8 + (-1 + 5 - (-3 + 2 + 7)).
-10
Evaluate 19 - ((-148 - -146) + (0 - -8)).
13
(-2 - 0) + 1 + (34 - (-14 + 43))
4
Evaluate 26 + (-12 - (-25 - -7)) + -2 + -13.
17
What is the value of 5 + 1 + 31 + (3 - 18)?
22
What is -15 + (-1 - 6) + (169 - 132)?
15
Evaluate (6 - -18 - 29) + (2 - 1).
-4
Evaluate 2 - (13 + 4 + -15).
0
15 + -22 + 2 - -3
-2
What is -26 + -2 + (-15 + 6 - -19)?
-18
What is (166 - 160 - (-1 - 1)) + 0?
8
Calculate (-3 - 2) + (-3 + 42 - 70).
-36
What is 10 + (-79 - 1 - -43)?
-27
Evaluate (-6 - 2) + (6 - (2 - 5)).
1
What is (22 + -22 - 20) + 41?
21
What is (-6 + 8 - 24) + -31 + 35?
-18
What is -11 + (-16 + 15 - -11)?
-1
Evaluate (16 + -14 - -11) + -2.
11
What is the value of (-2 - (3 + 1)) + (12 - 35) + 23?
-6
Calculate 2 - (-23 - -8 - 1).
18
What is -13 - (-24 - (18 + -44))?
-15
Evaluate 1 + 13 + -4 + -21.
-11
Calculate 32 + (11 - 7 - 13).
23
15 + -4 + -107 + 111
15
What is -7 + (9 + 1 + -123 + 118 - 4)?
-6
Calculate 1 - (-23 + 72 + -31).
-17
(-8 - (-5 - 0 - 11)) + (-1 - 17)
-10
Evaluate 5 - 19 - ((-2 - (5 - 3)) + -2).
-8
What is the value of -10 + 5 + -4 - -8?
-1
What is the value of 24 + (-4 - 12) + 5?
13
(27 - (-8 + 12)) + (4 - (-9 - -17))
19
What is the value of 13 + 0 + 15 - 22?
6
What is 5 + 36 + -41 + 1 + -11?
-10
6 + (1 + 0 - ((2 - 0) + 5))
0
What is (0 - 1) + (-18 + 16 - (-3 + -4))?
4
Calculate 2 + -8 - -5 - 3.
-4
What is (-1 - (7 + -4) - -2) + (-1 - -2)?
-1
Evaluate 4 + 21 + (16 - 0 - 35).
6
What is -51 + 37 + -15 - -24?
-5
What is (-14 - (-9 + 8 + -4)) + 11?
2
Calculate (-4 - 2) + 132 + -121.
5
-31 + (-30 - (-10 + -41))
-10
Calculate 35 + (-22 - 12) - (10 + -1).
-8
Evaluate -1 + 2 + 1 - (-3 + 5 - -2).
-2
What is 3 + -18 - (-77 - -63)?
-1
What is 1 + (-7 - (1 + -4 - -3))?
-6
4 + (1 + -1 - (199 - 195))
0
Evaluate 0 + 1 + -4 + (37 - (26 + 7)).
1
Calculate 8 + -3 + -4 - 7.
-6
What is the value of (-135 - -122) + -3 + 8?
-8
What is (0 - -10) + -13 + -9 + 24?
12
What is the value of -5 + 6 + 1 - (2 + -5 - 4)?
9
What is -12 - (11 - 1 - (66 + -59))?
-15
What is the value of 5 + 10 + -1 + 7 + -14?
7
(12 - (3 - -11)) + 11
9
(-9 - (-2 - -1)) + (26 - -45 - 44)
19
0 + 10 + -20 - (-6 - -2)
-6
-31 + 34 + 9 + -44
-32
15 + -37 + 63 + (-14 - 0)
27
-10 - (0 + (4 - 3)) - (-18 - -15)
-8
Evaluate 139 + -179 + 17 + 0.
-23
3 - -4 - (-8 + (-1 + 14 - 10))
12
Calculate 4 + 11 - (1 - 9) - 7 - 6.
10
Evaluate (-7 - -1) + 8 + 4 + (5 - 12).
-1
(-3 - 0 - (-12 - (-1 - -17))) + -2
23
What is 6 - -3 - (1 + 12)?
-4
Evaluate 0 + 0 - ((3 - 14) + -8 + 2).
17
What is the value of 21 + (7 + -9 - 2) + 2?
19
What is the value of -2 - 4 - (5 - (5 + 6 + -1))?
-1
8 + -8 + -7 + 17
10
(-7 + 6 - (-2 + -12 + 7)) + -4
2
What is -41 + 39 + -33 - -66?
31
What is the value of (-290 - -313) + (-26 - 1)?
-4
(1 - (1 - 22)) + -12 + 6 - 4
12
What is -1 + (6 - (15 - (5 + -2)))?
-7
Evaluate -6 + (-41 + 32 - (-9 + -2)).
-4
-12 - ((20 - 12) + -2 + -6 + 4)
-16
Calculate 63 + -58 - (-1 + 1 - -7) - -24.
22
Calculate (-45 - -23) + -1 - -55.
32
Evaluate -1 + -1 + -4 + (-1 - -4).
-3
Calculate -1 + -11 + 1 + -1 + 12.
0
Evaluate -8 - (16 - 12) - 17 - -11.
-18
What is the value of 2 + 46 + -53 + (1 - 3)?
-7
(-29 - 1) + (-41 - -29 - -16)
-26
0 + 14 + (1 - 42) + 6
-21
What is (0 - (7 - 17 - -6)) + -5 - 5?
-6
What is the value of 37 - 26 - (4 + -2)?
9
What is the value of (-6 - 2) + (22 - (-26 + 54))?
-14
(20 - (21 - -5)) + 9
3
Evaluate (78 + -33 - 37) + 27.
35
Evaluate -3 + (4 - (3 + -11 + 22)).
-13
28 + -8 + -13 + 0 + 3 - 15
-5
Evaluate (4 - -5) + (24 - 8) + -14.
11
21 - -4 - (17 + -8) - 6
10
Calculate (-18 - -10 - -4) + -1 + (0 - -2).
-3
Calculate 9 + -4 + 8 + 30 + -30.
13
Calculate -3 - (11 + -21) - 12.
-5
76 + -36 + -25 + 3
18
Evaluate (1 - 5) + (34 - 31 - (-1 - 1)).
1
What is -8 - 2 - (103 + -111)?
-2
Evaluate (2 - 20) + 21 + -5.
-2
15 + (-30 - -17) - (3 - 1) - -2
2
Evaluate 2 - -5 - 1 - (-120 - -126) - 3.
-3
What is 3 + -7 - ((2 - 14) + (-34 - -49))?
-7
784 + -767 + (-4 - 1)
12
What is 1 - (3 + -6 + 7 + 8 + -7)?
-4
(-33 - (-45 - -20)) + -4 + 3 + 42
33
Evaluate 3 + (-1 - -11) - (-29 - -24).
18
Evaluate (-13 - -12) + -1 + -8 - -24.
14
Calculate -5 - ((2 - -3) + -13 + 2).
1
Calculate (-2 - (-3 - 24)) + -308 + 319.
36
What is 55 - (-20 + -4 + 42)?
37
Evaluate -1 - 3 - (-13 - ((-4 - 0) + -30)).
-25
-7 + 15 + -10 + -10
-12
Evaluate -3 - -1 - (2 - (16 + 22)).
34
-21 - (25 - (17 + 17))
-12
What is 8 + 0 - 15 - (-2 + 0)?
-5
What is 25 + 9 + -31 + (1 - 7)?
-3
Evaluate (6 - (7 - 0)) + 3 + -4 + 5.
3
What is 5 - (10 - (-1 + -2)) - -9?
1
What is the value of (-25 - -3) + 14 + 28 + 2?
22
Calculate (-2 - -19) + (-498 - -484).
3
Evaluate 28 + 8 + -21 + -32.
-17
What is -10 - (18 + 3 + (11 - 12) + 4)?
-34
Evaluate 8 + (-1 - 13 - -8 - -4).
6
3 + (6 - 5) + 0 + (-7 - -1)
-2
Evaluate 30 + 61 + -59 - (8 + -1).
25
-3 - (-2 - -14) - -16
1
(-1 - -9) + -7 + -1
0
Evaluate (15 - 19) + 3 + -7.
-8
What is the value of -15 + (0 - (0 + -6)) + 1?
-8
Evaluate 5 + 0 - (109 - 104).
0
(5 - -4) + -1 + (-2 - 1)
5
Calculate (1 - 2) + (-24 - 3).
-28
-24 - (3 + -6) - (-14 + 10 + 2)
-19
What is the value of -19 + -16 + 20 - 14?
-29
What is 25 + (20 - 8 - 17)?
20
Evaluate (0 - -6 - 0) + (3 - -1) + -5.
5
What is the value of -401 - -392 - (-4 - -2 - 22)?
15
Calculate -14 - (-1 - -17 - (-307 - -331)).
-6
Evaluate (-48 - -44 - (12 + -2)) + 2 + 2.
-10
What is the value of (3 - 6) + -6 + (1 - -22) + -14?
0
What is 4 - (4 + 2 + (-2 - 2) - -8)?
-6
Evaluate (-1 - 4)